is divided by 275.
9
What is the remainder when 784830 is divided by 392413?
4
What is the remainder when 10320 is divided by 51?
18
Calculate the remainder when 1221954 is divided by 62.
58
What is the remainder when 1228 is divided by 561?
106
What is the remainder when 1034 is divided by 184?
114
What is the remainder when 445347 is divided by 25?
22
Calculate the remainder when 13613 is divided by 1133.
17
What is the remainder when 14723 is divided by 105?
23
Calculate the remainder when 23492 is divided by 7828.
8
What is the remainder when 32043 is divided by 16019?
5
Calculate the remainder when 1431 is divided by 136.
71
Calculate the remainder when 4767 is divided by 1071.
483
What is the remainder when 6294 is divided by 78?
54
What is the remainder when 31699 is divided by 10515?
154
Calculate the remainder when 280101 is divided by 35011.
13
What is the remainder when 4594 is divided by 21?
16
Calculate the remainder when 1966769 is divided by 184.
177
What is the remainder when 3325319 is divided by 540?
539
What is the remainder when 1085630 is divided by 54281?
10
What is the remainder when 144336 is divided by 162?
156
What is the remainder when 9968658 is divided by 1667?
1665
Calculate the remainder when 25836 is divided by 327.
3
What is the remainder when 164314 is divided by 100?
14
Calculate the remainder when 395 is divided by 388.
7
What is the remainder when 4115964 is divided by 1814?
1812
Calculate the remainder when 1537640 is divided by 109831.
6
What is the remainder when 76250 is divided by 2932?
18
What is the remainder when 1005 is divided by 154?
81
Calculate the remainder when 6153 is divided by 510.
33
Calculate the remainder when 112214 is divided by 161.
158
What is the remainder when 14010 is divided by 379?
366
Calculate the remainder when 13631 is divided by 6758.
115
Calculate the remainder when 25251 is divided by 2.
1
What is the remainder when 1393 is divided by 150?
43
Calculate the remainder when 2872 is divided by 1067.
738
What is the remainder when 46457 is divided by 4645?
7
What is the remainder when 2924 is divided by 663?
272
Calculate the remainder when 261189 is divided by 400.
389
Calculate the remainder when 1425726 is divided by 29.
28
Calculate the remainder when 32117 is divided by 2140.
17
Calculate the remainder when 19949 is divided by 4.
1
Calculate the remainder when 3176 is divided by 800.
776
What is the remainder when 46173 is divided by 7?
1
Calculate the remainder when 2206 is divided by 235.
91
What is the remainder when 26872 is divided by 6717?
4
What is the remainder when 370 is divided by 14?
6
What is the remainder when 111168 is divided by 37055?
3
Calculate the remainder when 1120508 is divided by 793.
792
Calculate the remainder when 42308 is divided by 10577.
0
Calculate the remainder when 2289585 is divided by 13.
12
Calculate the remainder when 2183 is divided by 224.
167
What is the remainder when 125313 is divided by 236?
233
Calculate the remainder when 17783 is divided by 6.
5
Calculate the remainder when 39063 is divided by 187.
167
What is the remainder when 28266 is divided by 5650?
16
What is the remainder when 6308 is divided by 232?
44
Calculate the remainder when 2177 is divided by 342.
125
What is the remainder when 6664 is divided by 324?
184
Calculate the remainder when 12879 is divided by 1072.
15
Calculate the remainder when 85037 is divided by 373.
366
What is the remainder when 39787 is divided by 180?
7
What is the remainder when 69537 is divided by 13902?
27
What is the remainder when 8196 is divided by 2032?
68
Calculate the remainder when 20211 is divided by 518.
9
What is the remainder when 24086 is divided by 560?
6
Calculate the remainder when 118519 is divided by 2469.
7
What is the remainder when 127972 is divided by 21327?
10
What is the remainder when 1631 is divided by 236?
215
What is the remainder when 686 is divided by 206?
68
Calculate the remainder when 29337 is divided by 17.
12
What is the remainder when 77973 is divided by 55?
38
What is the remainder when 5845 is divided by 390?
385
What is the remainder when 12913 is divided by 89?
8
What is the remainder when 256 is divided by 66?
58
Calculate the remainder when 1589 is divided by 76.
69
What is the remainder when 98820 is divided by 49409?
2
What is the remainder when 69536 is divided by 95?
91
What is the remainder when 244308 is divided by 110?
108
What is the remainder when 23261 is divided by 47?
43
What is the remainder when 1533 is divided by 37?
16
Calculate the remainder when 257692 is divided by 19.
14
What is the remainder when 258607 is divided by 10775?
7
Calculate the remainder when 551968 is divided by 56.
32
Calculate the remainder when 429593 is divided by 283.
282
Calculate the remainder when 567503 is divided by 37.
34
Calculate the remainder when 5624 is divided by 1873.
5
Calculate the remainder when 1372 is divided by 166.
44
Calculate the remainder when 12623 is divided by 6282.
59
What is the remainder when 68285 is divided by 124?
85
Calculate the remainder when 1994 is divided by 33.
14
What is the remainder when 213357 is divided by 203?
4
What is the remainder when 2211 is divided by 208?
131
What is the remainder when 30926 is divided by 836?
830
What is the remainder when 32896 is divided by 45?
1
What is the remainder when 54028 is divided by 545?
73
Calculate the remainder when 2407 is divided by 145.
87
What is the remainder when 2657 is divided by 171?
92
What is the remainder when 6277 is divided by 3938?
2339
What is the remainder when 467232 is divided by 259?
255
What is the remainder when 3603 is divided by 53?
52
Calculate the remainder when 30348 is divided by 25.
23
Calculate the remainder when 639204 is divided by 14.
6
Calculate the remainder when 35163 is divided by 10.
3
Calculate the remainder when 491243 is divided by 2030.
2013
Calculate the remainder when 99202 is divided by 763.
12
Calculate the remainder when 16641 is divided by 114.
111
Calculate the remainder when 16420 is divided by 300.
220
What is the remainder when 82019 is divided by 126?
119
Calculate the remainder when 94356 is divided by 22.
20
What is the remainder when 342354 is divided by 27?
21
What is the remainder when 7058 is divided by 81?
11
Calculate the remainder when 1490 is divided by 472.
74
What is the remainder when 126794 is divided by 8?
2
Calculate the remainder when 12507 is divided by 902.
781
Calculate the remainder when 110975 is divided by 24.
23
Calculate the remainder when 10426 is divided by 2542.
258
What is the remainder when 2622 is divided by 94?
84
What is the remainder when 62848 is divided by 20943?
19
Calculate the remainder when 46037 is divided by 53.
33
What is the remainder when 266971 is divided by 181?
177
What is the remainder when 1622 is divided by 188?
118
Calculate the remainder when 67039 is divided by 1314.
25
What is the remainder when 608 is divided by 97?
26
Calculate the remainder when 1040 is divided by 7.
4
Calculate the remainder when 1557175 is divided by 15.
10
What is the remainder when 1922 is divided by 77?
74
What is the remainder when 1181905 is divided by 73869?
1
Calculate the remainder when 319531 is divided by 17.
16
What is the remainder when 3604 is divided by 403?
380
Calculate the remainder when 834 is divided by 376.
82
What is the remainder when 541596 is divided by 270788?
20
Calculate the remainder when 4457 is divided by 117.
11
What is the remainder when 11305 is divided by 1244?
109
What is the remainder when 435697 is divided by 22931?
8
What is the remainder when 222628 is divided by 68?
64
Calculate the remainder when 27270 is divided by 115.
15
What is the remainder when 143635 is divided by 360?
355
What is the remainder when 6035 is divided by 17?
0
Calculate the remainder when 26218 is divided by 1318.
1176
What is the remainder when 72131 is divided by 417?
407
Calculate the remainder when 194952 is divided by 1071.
30
What is the remainder when 269306 is divided by 89765?
11
What is the remainder when 2191037 is divided by 160?
157
Calculate the remainder when 3797 is divided by 44.
13
What is the remainder when 250624 is divided by 1705?
1694
Calculate the remainder whe